{"id":8,"date":"2021-04-26T16:36:41","date_gmt":"2021-04-26T16:36:41","guid":{"rendered":"https:\/\/draannacarol.com.br\/blog\/?page_id=8"},"modified":"2021-04-27T14:04:28","modified_gmt":"2021-04-27T14:04:28","slug":"sobre","status":"publish","type":"page","link":"https:\/\/draannacarol.com.br\/blog\/sobre\/","title":{"rendered":"Sobre"},"content":{"rendered":"\n<p>Sou Anna Carolina da Fonseca, M\u00e9dica Pediatra, p\u00f3s-graduada em Alergia e Imunologia, consultora de amamenta\u00e7\u00e3o e apaixonada pelo universo materno-infantil. Sou autora do e-book \u201cMeu parto, minhas regras!\u201d e de cursos sobre introdu\u00e7\u00e3o alimentar e aleitamento materno no retorno ao trabalho. Procuro estar sempre atualizada para fornecer informa\u00e7\u00f5es de qualidade e com embasamento cient\u00edfico. Minha miss\u00e3o \u00e9 ajudar m\u00e3es, pais e familiares nos cuidados com a sa\u00fade da crian\u00e7a e do adolescente, n\u00e3o apenas no que diz respeito \u00e0 sa\u00fade f\u00edsica, mas auxiliando tamb\u00e9m na cria\u00e7\u00e3o de indiv\u00edduos mental e emocionalmente saud\u00e1veis, prontos para enfrentarem os desafios da vida.<\/p>\n\n\n\n<p>Neste blog voc\u00ea encontrar\u00e1 informa\u00e7\u00f5es sobre os diversos temas da pediatria, hebiatria, maternidade, gesta\u00e7\u00e3o, puerp\u00e9rio, sa\u00fade mental, medicina integrativa, alergia e imunologia.<\/p>\n\n\n\n<p><\/p>\n\n\n\n<p><strong>Para mais informa\u00e7\u00f5es sobre a minha hist\u00f3ria, e-book, cursos e marca\u00e7\u00e3o de consultas, acesse: <a rel=\"noreferrer noopener\" href=\"https:\/\/www.draannacarol.com.br\/\" data-type=\"URL\" data-id=\"https:\/\/www.draannacarol.com.br\/\" target=\"_blank\">www.draannacarol.com.br<\/a><\/strong><br><\/p>\n","protected":false},"excerpt":{"rendered":"<p>Sou Anna Carolina da Fonseca, M\u00e9dica Pediatra, p\u00f3s-graduada em Alergia e Imunologia, consultora de amamenta\u00e7\u00e3o e apaixonada pelo universo materno-infantil. Sou autora do e-book \u201cMeu parto, minhas regras!\u201d e de cursos sobre introdu\u00e7\u00e3o alimentar e aleitamento materno no retorno ao trabalho. Procuro estar sempre atualizada para fornecer informa\u00e7\u00f5es de qualidade e com embasamento cient\u00edfico. Minha &hellip; <\/p>\n","protected":false},"author":2,"featured_media":82,"parent":0,"menu_order":0,"comment_status":"closed","ping_status":"closed","template":"","meta":{"footnotes":""},"class_list":["post-8","page","type-page","status-publish","has-post-thumbnail","hentry"],"_links":{"self":[{"href":"https:\/\/draannacarol.com.br\/blog\/wp-json\/wp\/v2\/pages\/8","targetHints":{"allow":["GET"]}}],"collection":[{"href":"https:\/\/draannacarol.com.br\/blog\/wp-json\/wp\/v2\/pages"}],"about":[{"href":"https:\/\/draannacarol.com.br\/blog\/wp-json\/wp\/v2\/types\/page"}],"author":[{"embeddable":true,"href":"https:\/\/draannacarol.com.br\/blog\/wp-json\/wp\/v2\/users\/2"}],"replies":[{"embeddable":true,"href":"https:\/\/draannacarol.com.br\/blog\/wp-json\/wp\/v2\/comments?post=8"}],"version-history":[{"count":9,"href":"https:\/\/draannacarol.com.br\/blog\/wp-json\/wp\/v2\/pages\/8\/revisions"}],"predecessor-version":[{"id":134,"href":"https:\/\/draannacarol.com.br\/blog\/wp-json\/wp\/v2\/pages\/8\/revisions\/134"}],"wp:featuredmedia":[{"embeddable":true,"href":"https:\/\/draannacarol.com.br\/blog\/wp-json\/wp\/v2\/media\/82"}],"wp:attachment":[{"href":"https:\/\/draannacarol.com.br\/blog\/wp-json\/wp\/v2\/media?parent=8"}],"curies":[{"name":"wp","href":"https:\/\/api.w.org\/{rel}","templated":true}]}}